the value of 1 + 61 + -32 + -21?
9
Evaluate (13 - (-5 - -4)) + (38 - 115) + 76.
13
What is -77 + 16 - -68 - 7?
0
Evaluate -14 + 26 + (-19 - -1) - 3.
-9
14 + 0 - (-1604 - -1576)
42
What is (-126 - (112 - 495)) + -147?
110
76 + 8 + (380 - 530)
-66
What is (178 + -108 - 114) + 91?
47
(-5 - 0) + 15 + 2 + (1 - 4) - 58
-49
Evaluate -59 + (-29 - 7) + 84.
-11
What is 26 - 0 - (-2552 - -2542)?
36
-76 - (7 - -8 - 35) - (0 + -2 + 0)
-54
What is 25 - (-26 + -31 + 50)?
32
-22 + 14 + 8 + 61 - (-1 + -2 - 2)
66
What is -1 + 14 - (-450 - -426)?
37
What is -12 - (41 + -121 + 26)?
42
What is 0 + 26 + (-11 + 1 + 6 - -3)?
25
Calculate 4 - (3 + -80 + (96 - 86)) - 10.
61
Evaluate 5 + -10 + (12 - (-28 - -36) - (31 + 0)).
-32
Calculate 4 - -3 - (-28 - (-29 + 11 + (16 - 12))).
21
Evaluate (-318 - -331) + (-8 - (-11 + 9) - -6).
13
Calculate 32 - -4 - (-8 + 25 + 5 + -15).
29
-25 - (-15 - (20 - 15)) - (-1 + -19)
15
Evaluate 44 + (-16 - -27 - -22 - 2).
75
1 + -2 - -1 - (30 + -14 + -5 + 3)
-14
1 + (25 - 7) - (-6 + (-1 - (-5 + -2)))
19
Calculate (-57 - 37) + 93 + 138.
137
What is the value of (0 - 42) + -939 + 1067?
86
What is 4 + -6 - (144 - 182)?
36
What is (-249 - -97 - -376) + -130?
94
34 + -33 + (39 - 39) + (0 - 4)
-3
What is the value of 1 + (49 - 3) + (-3 - 1) + (6 - -1)?
50
What is the value of 90 - (15 + (34 - -4 - 20) + -18)?
75
Calculate 130 + -140 + -1 + -2 + 4.
-9
Evaluate 9 + (2 + (10 - -66) - (3 + -10 + 12)).
82
Evaluate -36 - (-23 - 5 - -33) - 86.
-127
Evaluate -48 + -36 + 172 + -56.
32
What is the value of -40 + 29 - (-14 + -79 + -5 + 14)?
73
Calculate 89 - 2 - (-4 + 38 + (-50 - -22)).
81
What is 7023 + -7097 + (4 - 2) + (-3 - 6) + -3?
-84
What is 45 + (-22 - 12) - (-2 + 13)?
0
-1 + -30 + (-2173 - -2253)
49
What is the value of -146 + (-37 - 33 - -149)?
-67
(-9 + -14 + 35 + -14 - -6) + 69 + 1
74
Evaluate 8 + -14 + 32 + -24 + (4 - 0) + 12.
18
Evaluate -10 - (-1 - -3) - (-628 - -655).
-39
16 + (49 - (22 + 35))
8
What is -115 - (-35 + 72 + -19)?
-133
What is the value of 299 + -305 + 8 + 0 + 25?
27
Evaluate (-100 - -1) + 141 + -277 + 92.
-143
Calculate -12 + (-2 - (7 + (11 - (7 - -15)))) - 64.
-74
What is (-5 - -19 - (13 + 6)) + 34?
29
What is the value of (-46 + 17 - -11 - -102) + -19?
65
Evaluate 0 + -4 + (6 - -3) + -1 + -52 + 72.
24
Calculate (-380 - -447) + (-23 - -3) + 31.
78
-101 + 8 + -319 + 370
-42
What is the value of 16 + 0 + (-2 - 113 - -11) + 8?
-80
What is the value of -1 + 3 - (21 + (-37 - -44) - (-4 - 2))?
-32
Calculate -40 - (-76 - (34 + -63)).
7
Calculate (60 - (-3 + -7 - -10 - (3 + 5))) + -9.
59
-13 - (-12 - (20 + -9 - 2))
8
What is the value of 26 + (33 - 80) + (1 - -45)?
25
Calculate (227 - (-73 + 340)) + 26 + 0.
-14
Evaluate 22 + (7 - (4 + 8 + 8)) - 45.
-36
What is (2 - (-1 + 2)) + (-1413 - -1413) - -7?
8
Calculate (33 + -8 - 15) + -43 + (-5 - 2) + -10.
-50
Calculate (12 - 8) + 5 + -6 - -2 - (-2 - 58).
65
What is -2141 + 2148 + (-46 - -1)?
-38
Evaluate (2 - (15 + -2)) + (-81 + -101 - -162).
-31
What is the value of -81 + -6 + -218 + 269?
-36
Evaluate -51 - (650 + -659 + (0 - (-10 + 1))).
-51
Calculate -19 + 2 + (82 - 57).
8
Calculate -7 - 29 - -10 - ((8 - -2) + -23).
-13
What is 23 + -179 + 31 + (23 - 0)?
-102
What is (-45 - -33) + 40 + -21 + -1 + -61?
-55
Calculate -9 - (-14 + (2 - -5) + 65 + (1 - 4)).
-64
Calculate 105 - 138 - 150 - -102.
-81
Evaluate (54 - (-6 - (15 + -3))) + (9 - -11 - 8).
84
What is -3 - (-8 + (-1 - -1) + 228 + -121 + -69)?
-33
Calculate 48 + (112 + -73 - 55).
32
What is (28 - 2) + (-945 - -843) - 45?
-121
-30 - ((43 - -15) + -46 - (1 - -3))
-38
Evaluate -1 + (6 - (-28 - -26)) - (86 + 1 + 0).
-80
Calculate -6 - (-10 + -21 + -3).
28
What is -294 + 356 + (4 - (4 - -2) - 5)?
55
Evaluate 40 + (109 - 97) - 26.
26
Calculate -5 + 12 + -4 + -1 + (23 - -14) + 0.
39
What is 54 - (21 - (25 + -2))?
56
What is the value of -3 + (3 - 13) - -6 - (5 + -41)?
29
8 - ((50 - (7 - 7)) + (-13 - -5) + 10)
-44
Calculate 551 + -602 - (-16 + -1).
-34
67 + 62 + -112 + -7
10
14 + 13 + 6 + -32 + 1 + (-4 - 6)
-8
3 + -4 + (1 - 0) + (5 - -19)
24
What is the value of -8 + 21 + (17 - ((-1 - -17) + 9))?
5
Calculate 0 + 23 + (-3428 - -3448).
43
-9 + 10 + -4 - 13 - -21
5
7 + -11 + (-32 - (21 + -49))
-8
What is -12 + (4 - ((-6 - -43 - 20) + (-6 - 1)))?
-18
What is the value of (203 - 121 - 37) + (-1 - 39)?
5
(42 - (12 - -22)) + -5 + 1 + 6 + 106
116
Calculate 10 - (0 - -54 - (-20 + (31 - (27 + -13)))).
-47
Evaluate 2 - -4 - (5 + (-55 - ((-14 - 14) + 49))).
77
2 + 18 + -16620 + 16553
-47
What is the value of 25 + (12 + -14 - 11) - (6 + (-6 - -3))?
9
What is -23 - ((-31 - -30) + -102 + -32)?
112
-19 - -13 - (-3 - 77 - ((-9 - -2) + 2))
69
Evaluate -66 + 67 - (1 + 9).
-9
Evaluate (9 - 17) + 11 + -4 + 5 + -11.
-7
What is -33 + -8 + (-9 - -10) + (10 - -3)?
-27
49 + -70 + 4 + -5
-22
47 + -3 - (75 - 0)
-31
-11 + 13 + 29 + 10 + -24
17
Calculate -129 - -84 - (36 + -82).
1
What is (41 + -12 - -4) + -40?
-7
What is the value of 148 + -9 - (236 + 2)?
-99
Calculate (-3 - -1) + (7 + 31 - 15).
21
Evaluate 93 - (-92 + 259 - 97).
23
Calculate -13 - -10 - (9 + 16) - (-23 - -4).
-9
Evaluate (24 - 7) + 17 + -69 + 14 + -11.
-32
What is the value of -7 - (((1 - -10) + -37 - -12) + -11)?
18
What is the value of 82 + -90 + (-2 - -11) + -10 + (-12 - -139)?
118
Evaluate -14 + 1 + -1 - (44 + -8 + -34 - -55).
-71
(9 - -3 - -5) + -4 + 6 + -23 + 32
28
Calculate (13 - 71) + 5 + (-4 - -11).
-46
Evaluate 17 + 2 + (-13 - -19) + -21.
4
Evaluate -72 - ((-1 - ((22 - 15) + (-18 - -9))) + 1).
-74
Calculate 0 + 35 + (6 - (-14 - -3)) - (0 + -11).
63
Calculate -58 + 0 + (6 + 5 - 2).
-49
What is 256 - 306 - (-43 - 6)?
-1
(-2 - -125) + 48 + (-10 - (12 - -4))
145
Evaluate 19 + 2 + (-96 - -60 - -58).
43
What is the value of (-22 - 2) + -10 + 75 + -87?
-46
Evaluate (-7 - (115 + -288)) + -68.
98
Calculate 2 + (10 - 5) + -71 + -164 + 177.
-51
-1 + 1 - (-28 + 65 + (-5 + 2 - 3))
-31
1910 + -1673 - (109 - 8)
136
Evaluate 11 - (1 + 31) - -60 - (1 + 0).
38
Calculate (5 - 1) + (-55 - -84) + -107 + 0.
-74
-13 + (-2 - -10 - (-53 - -1)) + 3
50
What is 36 + -59 + (-62 - -16)?
-69
Evaluate -12 + (-11 - (-15 + 35 + 23 - -11)).
-77
Calculate (-6 + 15 - -18) + -29 + 21 + 15.
34
What is the value of 40 + -116 - -97 - 64?
-43
Evaluate -3 - (33 - -12) - (1 - 0).
-49
What is the value of (102 - 6) + -22 + (36 - 49)?
61
Evaluate 633 + -659 - (-3 + 14 + 2).
-39
Calculate 1597 + -1677 - (-1 + 1 + -27).
-53
Evaluate (1 - 1 - 34 - (4102 + -4114)) + 0.
-22
Calculate (1 - 1) + 4 - (250 + 7 + -243) - -12.
2
What is -72 + (-27 + 43 - 51) + -3?
-110
Calculate (-2 - -1) + (-235 - -212) + 99.
75
Evaluate 66 - (-2 - (-34 + 29) - -14).
49
What is the value of (-2 + 47 - 35) + (-4 - 73) + -2?
-69
Evaluate -6 + -21 - (-1 + -3 - (-26 - 3 - -23)).
-29
Evaluate -2245 + 2116 + -7 + 45.
-91
-25 + 87 + (14 - 38)
38
What is the value of -1 + -33 + 25 + (-3 - (62 + 0)) + 2?
-72
What is -30 + (-40 - (-14 - 54)) - ((5 - 2) + -2)?
-3
What is (-47 - -88 - 66) + 54?
29
Evaluate 11 - (34 - (42 + -28) - 0).
-9
-15 + 41 + -35 + 59
50
-1712 - -1732 - (-1 + 3 - -36)
-18
0 + 1 + 4 + (19 + -96 - 11 - -19)
-64
Evaluate -4 + -39 + 78 + -46.
-11
Calculate (-7 - -1) + (14 - -21) + -31.
-2
Calculate -13 + (2 - -1) + -34 + (9 - 92 - 4).
-131
Evaluate (-2 + 20 - 3) + (89 - 164 - -20).
-40
What is (-142 - -54) + 110 - (-3 + (0 - 1))?
26
What is -915 + 943 - (1 + 31)?
-4
Evaluate (83 - (-42 - -128)) + 75.
72
What is the value of -55 - ((-10 - -15) + -19 + 23)?
-64
What is the value of -46 - (11 + 30 + 13 + -21)?
-79
-21 - (55 + 21 + -40)
-57
Evaluate (0 - (11 + -36)) + (15 - -88) + 21.
149
Evaluate 104 + -66 + (-2 - (2 + -1) - (-5 - -4)).
36
Evaluate (68 - -68) + -68 + -94.
-26
What is 39 + -41 + -2 - 39?
-43
What is the value of -20 + (247 - (133 - 11))?
105
What is the value of -1 + 1 + (-75 - -69) + (2 + -4 - 4)?
-12
Calculate -133 + 98 - ((-8 - 1) + 4 - -10).
-40
Calculate 25 + -86 + -89 + 120.
-30
-32 + -1 - (-83 + (-5 - -92))
-37
What is the value of (8 + -21 - -10) + -23 - -13?
-13
-15 - 48 - -6 - (-1 + -20)
-36
What is the value of 24 + (-100 - -67) - 59?
-68
What is 21 + -106 - (7 - (4 - 5) - -5)?
-98
What is -57 - (65 + (-49 - -6))?
-79
Calculate 629 - 669 - (6 + 1).
-47
What is 16 - 23 - (5 + 6 + -5)?
-13
What is the value of -11 + 6 + (2 - 11 - -9) + 